= 5*k**2 + 19*k + 5. Let j(f) = -9*d(f) - 2*n(f). Let c be -4 - (-14 + 2 + 1). Suppose 12*o - 15 = c*o. What is j(o)?
11
Let a = 10 - 10. Suppose -s + 5*b + 14 = 2*s, 3*s - 3*b - 12 = a. Let n(p) = -10*p**2 + 33 + p**s - 19 - 27 + 11*p. Give n(9).
5
Suppose -8*i + 28 = -4*i. Let v = i + 23. Let k(f) = -v*f**2 - 1 - 5*f + 29*f**2 + 0*f. What is k(-4)?
3
Let f be 189666/410*10/6. Let q(b) = -b - f + 387 + 388. Calculate q(7).
-3
Let o(s) = s**3 - 21*s**2 + 8*s + 230. Let p be o(20). Let b(x) = -x**2 - 10*x + 26. Give b(p).
26
Let j(h) be the second derivative of 2 - 1/2*h**2 - 1/6*h**3 - 4*h. Calculate j(1).
-2
Let m(t) be the second derivative of -t**5/10 + 23*t**4/12 + 7*t**3/3 + 2*t - 81. What is m(12)?
24
Let w be -7 - 0*(-3)/9. Let s(m) = -5*m - 5. Let d be s(-2). Let c(y) = 6 - d + y + 2. Calculate c(w).
-4
Let s = 39 - 33. Let g(o) = o**2 - 6*o + 6. Let x(w) = -5*w**2 + 29*w - 29. Let r(z) = 11*g(z) + 2*x(z). Calculate r(s).
-4
Let w(m) = 6*m + 10. Let x(v) = -6*v - 4. Let l(n) = -w(n) - 2*x(n). Let o(k) be the second derivative of -k**3/3 + k**2 - 3*k. Let t be o(2). Determine l(t).
-14
Let n be (-14)/8*(2 + -3)*-4. Let t(g) = -3*g**3 + 3*g**2 + 2. Let c(b) = -2*b**3 + b**2 + 1. Let f(l) = n*c(l) + 3*t(l). Determine f(-1).
-4
Let x(f) = -f**2 - 4*f - 1. Let n be x(-4). Let v(o) be the first derivative of 3 + 10*o**2 - 100*o + 100*o. Give v(n).
-20
Let j(y) = -3*y**2 - 3*y + 5. Let z(x) = -4*x**2 - 3*x + 6. Let f = -145 + 78. Let l = f - -72. Let t(w) = l*j(w) - 4*z(w). Calculate t(3).
1
Let w(j) be the third derivative of -j**6/120 + 3*j**5/10 + 17*j**4/24 + 23*j**3/3 + 2*j**2 - 15*j - 16. Determine w(19).
8
Let l(j) = -j**3 - 8*j**2 - 7*j + 5. Let d(a) = -a**3 - 18*a**2 + 41*a + 24. Let y be d(-20). Suppose g + 1 = 3*p, -y*g - 3*p - 38 = 2*p. What is l(g)?
5
Let s(g) = -g**3 - 7*g**2 - 2*g + 6. Suppose 0 = 30*q - 26*q - 3*p - 9, -p - 3 = 4*q. Suppose q = -44*o + 116 - 380. Give s(o).
-18
Suppose -35 = 5*z - 5*m, -153*z + 148*z + 3*m - 41 = 0. Let q(g) = -g**2 - 8*g + 25. Calculate q(z).
5
Let x(g) = 269*g**2 - 87*g**2 - 4*g - 93*g**2 - 87*g**2 + 8. What is x(-5)?
78
Let n(w) = -w - 3. Let s be (-2)/4 - (7/2 + -3). Let r be 154/44*(-10)/s. Let f be 259/r - 7 - (-17)/(-5). Determine n(f).
0
Let b(c) be the second derivative of 15/2*c**2 - 25*c - 1/6*c**5 - 1/6*c**3 + 0 + 1/12*c**4. Let d(z) be the first derivative of b(z). What is d(1)?
-9
Let r(z) = 12 + 0*z**2 - 13 + 0*z**2 - 2*z**2. Let v be 1*4/(-4) + 0. Determine r(v).
-3
Let d(s) = -s**2 - 7*s + 8. Let r = -251 + 254. Suppose -5*t + 7 = -2*h - 22, 4*h - r*t + 37 = 0. Determine d(h).
8
Let w(a) be the first derivative of -a**3 - 7*a**2 + 11*a - 274. Give w(-5).
6
Let n be (-3 + (-90)/(-20))*-10. Let i(f) be the third derivative of -f**4/8 - 7*f**3 + 3*f**2. Give i(n).
3
Let i(w) = 24*w + 176. Let c be i(-7). Let x(k) = -3 + 9*k - c + 4 - 8*k. Determine x(8).
1
Let j(f) be the second derivative of -5*f**3/2 - 5*f**2/2 + 2254*f. Calculate j(-4).
55
Let h = 44 + -41. Suppose h*p + p + 16 = 0, 464 = c - 4*p. Let g(k) = 2*k**3 + 1 + c*k**2 + k + k**3 - 447*k**2. Determine g(-1).
-2
Let g(c) be the second derivative of c**6/360 + c**5/120 - 5*c**4/12 + 44*c**3/3 - 89*c. Let s(h) be the second derivative of g(h). Calculate s(0).
-10
Let m(k) = k**3 + 17*k**2 + 19*k - 15. Let d be -9*(-320)/(-180)*1. What is m(d)?
-63
Let z(n) = -2*n + 31. Suppose 0 = -j - 6, 72 = -35*x + 41*x - 3*j. Give z(x).
13
Let b(a) = -4*a**2 - 3 + 2*a**2 + a**3 + 2*a - 3*a. Suppose -1041*q = -1013*q - 84. Calculate b(q).
3
Let f(x) be the second derivative of x**4/12 - x**3/3 + 3*x**2/2 - 17*x. Suppose 2*g = c, 5*g - 4 - 7 = -3*c. Suppose -3*n + c = -7. What is f(n)?
6
Let j(g) = -66*g - 186. Suppose 3*i - 2*h - 279 + 272 = 0, -2*i + 3*h + 18 = 0. Give j(i).
12
Let l(v) be the second derivative of v**5/20 - 5*v**4/6 + 5*v**3/2 + 23*v**2 + 2490*v. Calculate l(7).
4
Let p(f) be the second derivative of -f**4/2 + 2*f**3/3 - 2*f**2 + 284*f - 3. What is p(4)?
-84
Let r(x) = -5*x - 3. Let j = 41 + -35. Suppose j*l + 0*l = 438. Suppose 0 = -f - l + 71. What is r(f)?
7
Let g(o) = o**3 - 5*o**2 - 9*o + 9. Let i(w) = w**2 - 1. Let j(l) = 3*l**2 - 36*l + 172. Let z(m) = 2*i(m) - j(m). Let c be z(6). Calculate g(c).
-9
Let n(o) = o**2 - 10*o - 78. Let p be n(0). Let j be (-3)/(-15) - p/10. Let u(v) = -v**3 + 8*v**2 - 7. Give u(j).
-7
Let z(q) be the second derivative of 1/6*q**3 + 24*q - 1/2*q**2 + 2 + 1/12*q**4. Calculate z(3).
11
Suppose -3*x = -15, 5*a + 169 = 2*x + 234. Let p(y) = -3*y - 16. Give p(a).
-61
Let t(g) = -2*g**2 + 19*g + 22. Suppose b = 2*b - o - 13, 4*o = -16. Give t(b).
31
Let x(i) = -25 - 4*i**3 + 16*i**2 + 18*i**3 - 18*i + 19*i**3 - 32*i**3. Calculate x(-17).
-8
Let k = 47 - 43. Suppose 0 = -4*r - y + 10, r + k = -5*y - 3. Let z(u) = r*u + 3*u**3 - 16*u**2 + 32*u**2 - 12*u**2 + 2. What is z(-2)?
-12
Let f(d) = 6*d**3 + d**2 - 4*d. Let c(t) = 7*t**3 + t**2 - 8*t - 3. Let l(b) = -c(b) + f(b). Let u = -8 + 6. What is l(u)?
3
Let h(k) be the first derivative of -7*k**3/3 + k**2/2 + k - 2821. Calculate h(-4).
-115
Suppose -5*f + 40 = 3*f. Suppose -a = 4, -4*g - 10 = -f*g + a. Let q = 9 - g. Let n(o) = -o**3 + 4*o**2 - 4*o - 1. Determine n(q).
-4
Suppose 3*a = -4*p + 41, -55 = -5*a - 3*p + 17. Let q(x) = 2 - 13*x**2 + 3*x + 38*x**2 - 12*x**2 - a*x**2. Determine q(4).
-18
Let y(x) = 7*x**3 + 5*x**2 + 7*x. Let m be y(-3). Let l = -173 - m. Let q(g) = -2*g + 10. Determine q(l).
26
Let o(m) = 5*m**2 - 6*m - 4. Let w(c) = -11*c**2 + 14*c + 9. Let j(p) = 9*o(p) + 4*w(p). Give j(-5).
15
Let g(d) = 2*d**2 - 5*d - 1. Let p be g(5). Suppose 7*b = 3*b + p. Let x(f) = -3*f - 6. Let v(w) = -2*w - 4. Let j(z) = -8*v(z) + 5*x(z). Give j(b).
8
Let c(o) = o**3 + 4*o**2 + 8. Let x(d) = -d + 145. Let a be x(150). What is c(a)?
-17
Let h(q) = -q**2 - 25*q + 722. Let k be h(-42). Let b(o) = -5*o**2 + 11*o - 3. Let l(g) = 6*g**2 - 12*g + 2. Let y(r) = -5*b(r) - 4*l(r). Determine y(k).
15
Suppose -5*f - y + 65 + 27 = 0, -3*y - 84 = -5*f. Let o be (-3)/(-9) + (-24)/f - -1. Let g(u) = u - 5. Determine g(o).
-5
Let b(v) = v**2 + 5*v - 1. Let p(q) = -q**2 - 8*q + 5. Let s be (-2)/(-7) - (-437)/161. Let t = -12 + s. Let c be p(t). Calculate b(c).
-5
Let f(z) = -22*z**3 + 5*z**2 - 30*z**3 - z**2 + 4*z + 53*z**3. Let o be (0 - 1)*(-9)/(-3). What is f(o)?
-3
Suppose -x + 22*a - 21 = 17*a, -2*a = -3*x - 24. Let c(t) be the first derivative of t**4/4 + 2*t**3 - 4*t + 6. Give c(x).
-4
Suppose 234 = -5*a + t, 6*a + 2*t = 7*a + 45. Let b = 47 + a. Let y(o) = -8*o - 1 + b + 5 + o**2 - 8. Calculate y(7).
-11
Let l(o) be the second derivative of o**3 - o**2 - 2*o. Suppose 12*z - 119 - 49 = 0. Suppose -3*d - 4*r + z = 0, 2*d - 2*r + 1 = -13. Calculate l(d).
-14
Let u(c) = 2956*c - 7 - 5*c**2 + 2*c**3 - 2951*c - c**3 - 3. Calculate u(5).
15
Let g(v) be the second derivative of v**5/20 - v**4/3 + v**3/6 + 3*v**2/2 + 2*v. Suppose 3*q = -86*j - 160, 14*q - 4*j - 4 = 15*q. Determine g(q).
7
Let y(h) = h - 6. Suppose -m + 5 = -3. Let l be y(m). Let k(r) = -3 - r**l + 5 + 1 + 5*r. Give k(4).
7
Let r be (-1 - (-63)/(-7)) + 5. Let a(u) = -25*u - 19. Let w(s) = -21*s - 20. Let k(f) = r*a(f) + 6*w(f). Give k(-11).
-14
Suppose 0 = 4*h - 28, 0 = 2*q - 2*h + 15 + 5. Let b(m) = -m**3 + m**2 + m + 2. Determine b(q).
35
Let a(n) = n**2 - 10 - 2*n**2 - 2310*n + 2297*n. Determine a(-7).
32
Let y(r) = r**3 + 5*r**2 - 15*r + 7. Let x be y(-7). Suppose -4 + x = 5*t. Let c(z) = 3*z + 3*z + z - z - 6 - z**t. What is c(4)?
2
Let s(g) = 6*g**2 - g. Let b(v) = -9*v + 26. Let w = 4 - 1. Let j be b(w). Give s(j).
7
Let a(d) = 3*d**2 + 51*d + 47. Let z be a(-16). Let g(w) be the third derivative of 23*w**5/60 + w**3/6 + w**2. Determine g(z).
24
Let m(h) = -736*h + 1738*h + 58 - 996*h. What is m(-11)?
-8
Let u be -2*(1 - (-5)/(15/(-24))). Suppose -x - 164 = -3*q, 2*q - 67 = -5*x + u. Let s = 55 - q. Let p(r) = 8*r - 1. Give p(s).
15
Let t(k) = 17*k - 282. Suppose -118*o + 21 = i - 114*o, o = 1. Determine t(i).
7
Let f be -13 - (-25 + 20)/(((-10)/(-4))/1). Let l(v) = -v**3 - 13*v**2 - 18*v - 19. What is l(f)?
-63
Let h(a) = -3*a - 18. Let z(g) = -9*g - 128. Let w(f) = -14*h(f) + 2*z(f). Calculate w(-1).
-28
Let t(g) = -g + 3*g**2 + 6*g**3 - 2*g**2 - 4*g**2 + 4 + 2*g. Let z = 1479